{"id":185,"date":"2018-08-15T16:20:16","date_gmt":"2018-08-15T14:20:16","guid":{"rendered":"http:\/\/soserma.fr\/?page_id=185"},"modified":"2018-08-15T17:01:48","modified_gmt":"2018-08-15T15:01:48","slug":"connection-client","status":"publish","type":"page","link":"https:\/\/soserma.fr\/index.php\/connection-client\/","title":{"rendered":"Connection Client"},"content":{"rendered":"<p style=\"text-align: left;\"><strong>Vous \u00eates client de la soserma?<\/strong><\/p>\n<p style=\"text-align: left;\">N&rsquo;h\u00e9sitez pas \u00e0 nous contacter pour connaitre vos identifiants!<br \/>\nMail: contact@soserma.fr<br \/>\n\n<div id=\"widgets_for_shortcodes\" class=\"amr-widget-area\">\r\n<li>\r\n\r\n<style type=\"text\/css\">\r\n.al_nodisplay {\r\n\tdisplay: none;\r\n}\r\n\r\n#al_loading, #al_login, #al_register, #al_lostPassword {\r\n\theight: 175px;\r\n}\r\n#al_loginMessage, #al_registerMessage, #al_lostPasswordMessage {\r\n\r\n}\r\n#al_loadingImage {\r\n\tmargin-top: 35px;\r\n}\r\n<\/style>\r\n<div id=\"al_loading\" class=\"al_nodisplay\">\r\n<h3>Loading...<\/h3>\r\n<hr\/>\r\n<div style=\"height: 100%; text-align:center;\">\r\n<img id=\"al_loadingImage\" alt=\"Loading...\" src=\"https:\/\/soserma.fr\/wp-content\/plugins\/ajax-login\/al_loading.gif\"\/>\r\n<\/div>\r\n<\/div>\r\n\r\n<div id=\"al_login\">\r\n<h3>Login<\/h3>\r\n<hr\/>\r\n<div>\r\n    <form name=\"al_loginForm\" onsubmit=\"return false;\" id=\"al_loginForm\" action=\"#\" method=\"post\">\r\n\t<label>Compte:<br \/><input onkeypress=\"return al_loginOnEnter(event);\" type=\"text\" name=\"log\" value=\"\" size=\"20\" tabindex=\"7\" \/><\/label><br \/>\r\n    <label>Mot de passe:<br \/> <input onkeypress=\"return al_loginOnEnter(event);\" type=\"password\" name=\"pwd\" value=\"\" size=\"20\" tabindex=\"8\" \/><\/label><br \/>\r\n    <label><input type=\"checkbox\" name=\"rememberme\" value=\"forever\" tabindex=\"9\" \/> Remember me<\/label><br \/>\r\n    <input type=\"button\" name=\"submit\" value=\"Login &raquo;\" tabindex=\"10\" onclick=\"al_login();\"\/><br\/>\r\n    <span id=\"al_loginMessage\"><\/span>\r\n    <a href=\"javascript:al_showRegister();\">Register<\/a> | <a href=\"javascript:al_showLostPassword();\">Lost password?<\/a>\r\n    <\/form>\r\n<\/div>\r\n<\/div>\r\n\r\n<div id=\"al_register\" class=\"al_nodisplay\">\r\n<h3>Register<\/h3>\r\n<hr\/>\r\n<div>\r\n    <form name=\"al_registerForm\" onsubmit=\"return false;\" id=\"al_registerForm\" action=\"#\" method=\"post\">\r\n\t<label>Compte:<br \/><input onkeypress=\"return al_registerOnEnter(event);\" type=\"text\" name=\"user_login\" value=\"\" size=\"20\" tabindex=\"7\" \/><\/label><br \/>\r\n    <label>E-mail:<br \/> <input onkeypress=\"return al_registerOnEnter(event);\" type=\"text\" name=\"user_email\" value=\"\" size=\"20\" tabindex=\"8\" \/><\/label><br \/>\r\n\r\n    <input type=\"button\" name=\"submit\" value=\"Inscription &raquo;\" tabindex=\"10\" onclick=\"al_register();\"\/><br\/>\r\n    <span id=\"al_registerMessage\">A password will be mailed to you.<br\/><\/span>\r\n\r\n    <a href=\"javascript:al_showLogin();\">Log in<\/a> | <a href=\"javascript:al_showLostPassword();\">Lost password?<\/a>\r\n    <\/form>\r\n<\/div>\r\n<\/div>\r\n\r\n<div id=\"al_lostPassword\" class=\"al_nodisplay\">\r\n<h3>Retrieve password<\/h3>\r\n<hr\/>\r\n<div>\r\n    <form name=\"al_lostPasswordForm\" onsubmit=\"return false;\" id=\"al_lostPasswordForm\" action=\"#\" method=\"post\">\r\n\t<label>Compte:<br \/><input onkeypress=\"return al_retrievePasswordOnEnter(event);\" type=\"text\" name=\"user_login\" value=\"\" size=\"20\" tabindex=\"7\" \/><\/label><br \/>\r\n    <label>E-mail:<br \/> <input onkeypress=\"return al_retrievePasswordOnEnter(event);\" type=\"text\" name=\"user_email\" value=\"\" size=\"20\" tabindex=\"8\" \/><\/label><br \/>\r\n\r\n    <input type=\"button\" name=\"submit\" value=\"Retrieve &raquo;\" tabindex=\"10\" onclick=\"al_retrievePassword();\"\/><br\/>\r\n    <span id=\"al_lostPasswordMessage\">A confirmation mail will be sent to your e-mail address.<br\/><\/span>\r\n\r\n    <a href=\"javascript:al_showLogin();\">Log in<\/a> | <a href=\"javascript:al_showRegister();\">Register<\/a>\r\n    <\/form>\r\n<\/div>\r\n<\/div>\r\n\r\n\r\n\r\n\r\n<\/li><\/div>\n<\/p>\n<p>&nbsp;<\/p>\n<p>&nbsp;<\/p>\n<p>&nbsp;<\/p>\n<p>&nbsp;<\/p>\n<p>&nbsp;<\/p>\n<p>&nbsp;<\/p>\n","protected":false},"excerpt":{"rendered":"<p>Vous \u00eates client de la soserma? N&rsquo;h\u00e9sitez pas \u00e0 nous contacter pour connaitre vos identifiants! Mail: contact@soserma.fr &nbsp; &nbsp; &nbsp; &nbsp; &nbsp; &nbsp;<\/p>\n","protected":false},"author":1,"featured_media":0,"parent":0,"menu_order":0,"comment_status":"closed","ping_status":"closed","template":"","meta":{"footnotes":""},"_links":{"self":[{"href":"https:\/\/soserma.fr\/index.php\/wp-json\/wp\/v2\/pages\/185"}],"collection":[{"href":"https:\/\/soserma.fr\/index.php\/wp-json\/wp\/v2\/pages"}],"about":[{"href":"https:\/\/soserma.fr\/index.php\/wp-json\/wp\/v2\/types\/page"}],"author":[{"embeddable":true,"href":"https:\/\/soserma.fr\/index.php\/wp-json\/wp\/v2\/users\/1"}],"replies":[{"embeddable":true,"href":"https:\/\/soserma.fr\/index.php\/wp-json\/wp\/v2\/comments?post=185"}],"version-history":[{"count":53,"href":"https:\/\/soserma.fr\/index.php\/wp-json\/wp\/v2\/pages\/185\/revisions"}],"predecessor-version":[{"id":242,"href":"https:\/\/soserma.fr\/index.php\/wp-json\/wp\/v2\/pages\/185\/revisions\/242"}],"wp:attachment":[{"href":"https:\/\/soserma.fr\/index.php\/wp-json\/wp\/v2\/media?parent=185"}],"curies":[{"name":"wp","href":"https:\/\/api.w.org\/{rel}","templated":true}]}}